{"id":11,"date":"2012-01-01T12:53:57","date_gmt":"2012-01-01T12:53:57","guid":{"rendered":"http:\/\/www.fitte4beiner.de\/wordpress\/?page_id=11"},"modified":"2025-10-23T19:38:36","modified_gmt":"2025-10-23T18:38:36","slug":"lebenslauf","status":"publish","type":"page","link":"http:\/\/www.fitte4beiner.de\/wordpress\/?page_id=11","title":{"rendered":"Lebenslauf"},"content":{"rendered":"<h3><a href=\"http:\/\/www.fitte4beiner.de\/wordpress\/wp-content\/uploads\/Claudia_Mimmie.jpg\"><img loading=\"lazy\" decoding=\"async\" class=\"size-medium wp-image-456 alignright\" src=\"http:\/\/www.fitte4beiner.de\/wordpress\/wp-content\/uploads\/Claudia_Mimmie-200x300.jpg\" alt=\"\" width=\"200\" height=\"300\" srcset=\"http:\/\/www.fitte4beiner.de\/wordpress\/wp-content\/uploads\/Claudia_Mimmie-200x300.jpg 200w, http:\/\/www.fitte4beiner.de\/wordpress\/wp-content\/uploads\/Claudia_Mimmie-682x1024.jpg 682w, http:\/\/www.fitte4beiner.de\/wordpress\/wp-content\/uploads\/Claudia_Mimmie.jpg 750w\" sizes=\"auto, (max-width: 200px) 100vw, 200px\" \/><\/a>Meine Ausbildung<\/h3>\n<ul>\n<li>Studium der Biologie (Zoologie und Biochemie) an der Heinrich Heine Universit\u00e4t D\u00fcsseldorf<\/li>\n<\/ul>\n<ul>\n<li>Mehrere Jahre wissenschaftliche Mitarbeiterin an der Ruhr-Universit\u00e4t Bochum im Lehrstuhl f\u00fcr Biophysik<\/li>\n<\/ul>\n<ul>\n<li>Ausbildung zur Pferdephysiotherapeutin am Deutschen Institut f\u00fcr Pferdeosteopathie (DIPO) in D\u00fclmen<\/li>\n<\/ul>\n<ul>\n<li>Ausbildung zur osteopathischen Pferdetherapeutin nach Barbara Welter B\u00f6ller in Schneverdingen<\/li>\n<\/ul>\n<ul>\n<li>Ausbildung zur osteopathischen Hundetherapeutin nach Barbara Welter B\u00f6ller in K\u00f6ln<\/li>\n<\/ul>\n<ul>\n<li>Ausbildung zur Chiropraktik f\u00fcr Pferd und Hund (ATM) in Bad Bramsted<\/li>\n<\/ul>\n<p><a title=\"ATM Tierchiropraktik Absolvent - Tierchiropraktik Ausbildung - ATM Akademie\" href=\"https:\/\/www.atm.de\/studiengang\/ausbildung-tierchiropraktik\" target=\"_blank\" rel=\"noopener noreferrer\"><img decoding=\"async\" style=\"max-width: 100%;\" title=\"ATM Tierchiropraktik Absolvent - Tierchiropraktik Ausbildung - ATM Akademie\" src=\"https:\/\/www.atm.de\/images\/logo\/ATM-Absolvent-Tierchiropraktik-Ausbildung-ATM-Akademie_v1.png\" alt=\"ATM Tierchiropraktik Absolvent - Tierchiropraktik Ausbildung - ATM Akademie\" \/> <\/a><\/p>\n<ul>\n<li>Ausbildung zum Tierheilpraktiker Pferd, Katze und Hund (ATM) in Bad Bramsted<\/li>\n<\/ul>\n<p><a title=\"ATM Tierheilpraktiker Absolvent - Tierheilpraktiker Ausbildung - ATM Akademie\" href=\"https:\/\/www.atm.de\/tierheilpraktiker\/tierheilpraktiker-ausbildung\" target=\"_blank\" rel=\"noopener noreferrer\"><img decoding=\"async\" style=\"max-width: 100%;\" title=\"ATM Tierheilpraktiker Absolvent - Tierheilpraktiker Ausbildung - ATM Akademie\" src=\"https:\/\/www.atm.de\/images\/logo\/ATM-Absolvent-Tierheilpraktiker-Ausbildung-ATM-Akademie_v1.png\" alt=\"ATM Tierheilpraktiker Absolvent - Tierheilpraktiker Ausbildung - ATM Akademie\" \/> <\/a><\/p>\n<ul>\n<li>Fortbildungen: Stresspunktmassage (Claus Teslau), manuelle Lymphdrainage (Prof. Dr. v. Rautenfeld), MET Elektrotherapieanwendung in der Tiermedizin (U. Knop, S. Arens), Akupunktur (A. Niklas-Krajewski), Phytotherapie (Dr. Dr. Hinterseher), Hom\u00f6opathie (A. S\u00fcper, G. Scharf), Flexibles Pferdetaping, Orthop\u00e4die beim Hund (Birgit Schoop), Manuelle Therapie beim Hund (Sabine Harr\u00e8r)<\/li>\n<\/ul>\n","protected":false},"excerpt":{"rendered":"<p>Meine Ausbildung Studium der Biologie (Zoologie und Biochemie) an der Heinrich Heine Universit\u00e4t D\u00fcsseldorf Mehrere Jahre wissenschaftliche Mitarbeiterin an der Ruhr-Universit\u00e4t Bochum im Lehrstuhl f\u00fcr Biophysik Ausbildung zur Pferdephysiotherapeutin am Deutschen Institut f\u00fcr Pferdeosteopathie (DIPO) in D\u00fclmen Ausbildung zur osteopathischen &hellip; <a href=\"http:\/\/www.fitte4beiner.de\/wordpress\/?page_id=11\">Weiterlesen <span class=\"meta-nav\">&rarr;<\/span><\/a><\/p>\n","protected":false},"author":1,"featured_media":0,"parent":0,"menu_order":0,"comment_status":"closed","ping_status":"open","template":"onecolumn-page.php","meta":{"footnotes":""},"class_list":["post-11","page","type-page","status-publish","hentry"],"_links":{"self":[{"href":"http:\/\/www.fitte4beiner.de\/wordpress\/index.php?rest_route=\/wp\/v2\/pages\/11","targetHints":{"allow":["GET"]}}],"collection":[{"href":"http:\/\/www.fitte4beiner.de\/wordpress\/index.php?rest_route=\/wp\/v2\/pages"}],"about":[{"href":"http:\/\/www.fitte4beiner.de\/wordpress\/index.php?rest_route=\/wp\/v2\/types\/page"}],"author":[{"embeddable":true,"href":"http:\/\/www.fitte4beiner.de\/wordpress\/index.php?rest_route=\/wp\/v2\/users\/1"}],"replies":[{"embeddable":true,"href":"http:\/\/www.fitte4beiner.de\/wordpress\/index.php?rest_route=%2Fwp%2Fv2%2Fcomments&post=11"}],"version-history":[{"count":23,"href":"http:\/\/www.fitte4beiner.de\/wordpress\/index.php?rest_route=\/wp\/v2\/pages\/11\/revisions"}],"predecessor-version":[{"id":801,"href":"http:\/\/www.fitte4beiner.de\/wordpress\/index.php?rest_route=\/wp\/v2\/pages\/11\/revisions\/801"}],"wp:attachment":[{"href":"http:\/\/www.fitte4beiner.de\/wordpress\/index.php?rest_route=%2Fwp%2Fv2%2Fmedia&parent=11"}],"curies":[{"name":"wp","href":"https:\/\/api.w.org\/{rel}","templated":true}]}}